ate the remainder when 5 is divided by h.
1
Suppose 5 = 2*u - 49. Let t = u + -9. Let h(w) = -2*w + 4. Calculate the remainder when t is divided by h(-3).
8
Let s(t) = -t**2 - 3*t + 2. What is the remainder when 12 is divided by s(-2)?
0
Suppose -3*i + 59 = -4. Calculate the remainder when i is divided by (-3)/3*-1 + 10.
10
Let v(f) = f**2 + 2*f - 7. Let l(y) = -4*y + 6. Let b be l(-6). Suppose -2*c + 36 = -b. Calculate the remainder when c is divided by v(-6).
16
Suppose 2*u - 5*z + 3*z - 4 = 0, 4*z = 12. What is the remainder when 23 is divided by u?
3
Suppose -5*v + 2*v + 30 = 0. Calculate the remainder when 29 is divided by v.
9
Calculate the remainder when 892/14 - ((-2)/7 - 0) is divided by 34.
30
Suppose -4*d + 153 = -127. What is the remainder when d is divided by 19?
13
Let z(s) be the third derivative of -s**5/60 + 5*s**4/12 - 4*s**3/3 + 2*s**2. Let p(x) = 15*x + 1. Calculate the remainder when p(2) is divided by z(6).
15
Let y = -1 + 18. Suppose -152 = -5*d + 178. Calculate the remainder when d is divided by y.
15
Let v(t) = -t**3 + 4*t**2 + 17*t - 22. Calculate the remainder when 21 is divided by v(6).
5
Suppose 0 = -2*p + 3*d + 57, 3*p + p - d = 119. Let v = -15 + 32. What is the remainder when (-656)/(-10) - (-12)/p is divided by v?
15
Suppose 3*c = c + 22. Let h = c - -4. Calculate the remainder when h is divided by 6.
3
Calculate the remainder when 2/14 - (-612)/28 is divided by 6.
4
Let p(b) = 5*b - 4. Let u be p(3). Let h = 31 - u. What is the remainder when h is divided by 11?
9
Let s = -6 - -15. Calculate the remainder when 25 is divided by s.
7
Suppose f - 29 = -g, -2*g + 0*f = 4*f - 48. Let a(h) be the first derivative of h**3 + h**2/2 - 2*h + 1. What is the remainder when g is divided by a(2)?
10
Suppose -3*t - 2*t + 3*i = -61, i = -3*t + 45. What is the remainder when t is divided by 4?
2
Suppose -3*x - d = -19, x - 5*d - 24 = -x. Suppose n + 126 = x*n. Calculate the remainder when n is divided by 8.
5
Suppose 3*r - 5*o = -3*o + 8, 0 = 4*r + o - 29. Let i = -4 + r. Calculate the remainder when i is divided by 2.
0
Let q = -1 + 1. Let b(w) be the first derivative of -w**3/3 - w**2/2 + 14*w + 5. Calculate the remainder when 40 is divided by b(q).
12
Let u(m) = m**2 + m + 9. Let t = -15 + 15. What is the remainder when 34 is divided by u(t)?
7
Let c = -1 + 3. Suppose 8*z = 5*z. Suppose z = -c*t - 0*t + 4. What is the remainder when 3 is divided by t?
1
Suppose -4*n - a = -57, n - 21 = -3*a + 5*a. What is the remainder when (-4)/(-6) - (-545)/n is divided by 13?
11
Suppose 0 = 3*y - 29 + 5. Let c = 14 + y. Let z = 19 - 11. What is the remainder when c is divided by z?
6
Calculate the remainder when 1/(-1 - 96/(-92)) is divided by 13.
10
Suppose l - 5*l + 68 = 0. Suppose -8 = 2*a, -4*g + 180 = 2*a + 3*a. Calculate the remainder when g is divided by l.
16
Let q(c) be the third derivative of c**6/120 - 11*c**5/60 + c**4/2 - 11*c**3/6 + 5*c**2. What is the remainder when q(10) is divided by 3?
0
Suppose -3*a + 55 = 4*y, 8*y - 74 = 3*y - 2*a. What is the remainder when y is divided by 5?
1
Suppose 11*b = 6*b + 45. Calculate the remainder when b is divided by 5.
4
Suppose w - 13 - 13 = 0. Let q = -4 + 4. Suppose q = -s - 3, -c = -6*c + 3*s + 394. What is the remainder when c is divided by w?
25
Let v = 135 - 70. Suppose -5*c + 0 = -v. Let f(l) = 37*l**3 - l**2 + 1. Calculate the remainder when f(1) is divided by c.
11
Suppose -65 = -5*k - 5*z, 2*k - 3 = 3*z + 33. Suppose -k = -s - 0*s. What is the remainder when s is divided by 9?
6
Suppose 0 = 6*q - 2*q, 0 = 3*d + 4*q - 375. Calculate the remainder when d is divided by 18.
17
Let i(j) = 2 + 0 + 1 - j + 1. What is the remainder when i(2) is divided by 1?
0
Let d be 1/(-5) - (-98)/(-35). Let u = 1 - d. Suppose 17 + 4 = 3*b. What is the remainder when b is divided by u?
3
Suppose -5*o - 10 = 2*i - 3*i, 5*i = o + 2. Let z(h) = -h**3 - h**2 - h + 3. Calculate the remainder when 9 is divided by z(i).
0
Suppose 5*a - a - 128 = 0. Suppose 0 = -2*b - 10 + a. What is the remainder when b is divided by 3?
2
Suppose 3*j - j + 20 = -3*v, 0 = 4*j + 4*v + 36. Let x(d) be the first derivative of -3*d**2/2 - 9*d - 2. Calculate the remainder when x(j) is divided by 7.
5
Suppose 0 = o - 2. Suppose o*j + 60 = 4*z, -j + 0 - 2 = 0. Calculate the remainder when z is divided by 4.
2
Suppose 2*j + 4*r = 6, -j + 3*r + 3 = 4*r. What is the remainder when j is divided by (-12)/(-8)*(-8)/(-6)?
1
Let c be (-3)/(3*-2)*20. Suppose c = -2*k + 7*k, 0 = -t + k + 12. Let j(h) = -h**2 + 7*h - 2. What is the remainder when t is divided by j(5)?
6
Let y = 143 + -86. What is the remainder when y is divided by 10?
7
Let k = 11 + -8. What is the remainder when 9 is divided by k?
0
Suppose 4*u = -h - 63, 4*h + 21 + 6 = -u. Suppose 0 = -4*n + 16, 5*c + 6*n - 33 = 4*n. What is the remainder when 128/10 - 3/u is divided by c?
3
Suppose 12*z = -24 + 216. Calculate the remainder when 92 is divided by z.
12
Calculate the remainder when 3 + (-3)/(12/(-40)) is divided by 8.
5
Suppose r = 3 + 1. Let k = 10 - r. Suppose 0 = 4*s - k - 22. Calculate the remainder when 20 is divided by s.
6
Let h = -23 + 16. Let a(v) = 6*v - 2 - 8*v - 8*v - v**2. What is the remainder when a(h) is divided by 7?
5
Suppose l + 4*k = 25, -3*l + l = k - 57. Suppose 39 + l = 4*g. Suppose 30 = 4*w - 102. Calculate the remainder when w is divided by g.
16
Let l = 3 + 30. Calculate the remainder when l is divided by 9.
6
Calculate the remainder when 700/22 + (-10)/(-55) is divided by 12.
8
Let f(h) = -h + 4. Let l be f(0). Suppose -3*t + l*t - 5 = 0. Suppose -j + 6 + 8 = 0. What is the remainder when j is divided by t?
4
Let b(o) = -o**3 + 8*o**2 - 2*o. What is the remainder when b(6) is divided by 32?
28
Suppose 0 = h - 0*h - 25. Suppose 4*i + 4 = 0, 3*p + 3*i = -1 + 37. What is the remainder when h is divided by p?
12
Let t(k) = k**3 - 2*k - 5. Suppose 5*m - 4 = 4*m. Calculate the remainder when t(m) is divided by 18.
15
Let r = -92 - -103. What is the remainder when 29 is divided by r?
7
Let m(j) = -j**3 - 3*j**2 + 2*j - 1. Suppose -63 = -4*r + 65. What is the remainder when m(-6) is divided by r?
31
Let s(t) = -4*t + 21. Calculate the remainder when s(-7) is divided by 18.
13
Let b be (-4)/6 + 73/(-3). Let r(k) = 3*k**2 - 6*k - 3. Let a be r(5). Let p = b + a. What is the remainder when p is divided by 6?
5
Let q = 121 - 68. Suppose 0 = 5*l - 3*m + m - 60, -3*l + 47 = m. Calculate the remainder when q is divided by l.
11
Let u = -70 + 19. Let h = u - -78. What is the remainder when 80 is divided by h?
26
Suppose 3*g + 4*b = 46, 4*b = 4*g + b - 78. Suppose 4*v = -5*a + 22, -2 - 5 = -2*a - v. Let s = 12 - a. What is the remainder when g is divided by s?
8
Let q(c) = 16*c**2 + 16*c - 50. Let l(v) = 3*v**2 + 3*v - 10. Let z(j) = -11*l(j) + 2*q(j). Let g = 76 - 37. What is the remainder when g is divided by z(0)?
9
Calculate the remainder when 7 is divided by 1 + (1 - -1) - (-12)/4.
1
Calculate the remainder when 39 is divided by (-4)/(-36) + 134/9.
9
Suppose -25 = 8*q - 3*q, -33 = -p + 3*q. Calculate the remainder when 102 is divided by p.
12
Let t(c) = c**3 - 3*c**2 - 4*c + 4. Suppose -4*i + 1 = -7. Suppose -z + 0*z + 11 = -i*u, 4*z + 4*u + 4 = 0. Calculate the remainder when t(4) is divided by z.
1
Let u = 70 - 35. Suppose -35 = -2*c + 3*z, 2*z = -c - 0*c + u. Calculate the remainder when 74 is divided by c.
24
Suppose -5*v - 1 = k, 0*v - 19 = 3*v - 4*k. Let u be ((1 - 1)/1)/v. Suppose -r + 0*r + 2 = u. What is the remainder when 3 is divided by r?
1
Suppose -p = 3*l, 4*l = 2*l. Suppose 2*m + 2 - 12 = -5*j, -2*m + 2*j + 10 = p. Let u(h) = -h + 4. What is the remainder when m is divided by u(2)?
1
Let l = 1 + 4. Suppose -l*q = -3*y + 4*y - 179, -4*q + 3*y = -128. Suppose 0*o = 5*o - q. What is the remainder when 20 is divided by o?
6
Let o = -76 - -107. What is the remainder when o is divided by 17?
14
Let z be (-3 - -1*10) + 0. Suppose 6*x + 9 = z*x. What is the remainder when 15 is divided by x?
6
Let c = 2 + 8. Let z = c - -4. Calculate the remainder when z is divided by 8.
6
Let c(l) = -2*l + 38. What is the remainder when -2 + 36/2 + -1 is divided by c(16)?
3
Suppose 2*n - 57 + 7 = 0. Suppose -2*v + y + 12 = 5*y, 0 = -4*y + 8. What is the remainde